st the prime factors of y(0).
2, 23
Suppose 3*w + 3*u - 5*u - 26 = 0, -5*w + 10 = 5*u. List the prime factors of ((-7)/3)/((-1)/w).
2, 7
Suppose 5*x = 3*x - 22. Let g(b) = -6*b - 13. List the prime factors of g(x).
53
Let z(y) = y**2 - 4. Let o be z(4). Suppose -7*x + 3*x + o = 0. Suppose -4*r + x*p + 52 = -12, p = -4*r + 48. List the prime factors of r.
13
Let g be (-166)/(-581) - ((-144)/(-14) - 1). Let z = -6 - -3. What are the prime factors of (-1 + (-3 - z))*g?
3
Suppose -2*w - w = 0. Let i = -146 + 194. Suppose w*f = -4*f + i. What are the prime factors of f?
2, 3
Let r = -200 - -364. Suppose -4*y + r = -2*y. List the prime factors of y.
2, 41
Let u be (1 + -1)/(0 + -1). Let o = -455 + 452. List the prime factors of o*(7/(-1) + u).
3, 7
Let c = -11 - -62. Let i = 80 + c. List the prime factors of i.
131
Let f(z) = -5*z**2 + 8*z + 6. Let p be f(-11). Let b = p - -1002. List the prime factors of b.
3, 5, 7
Suppose 4*q - 2*q = 4. Let t be q/4*(-4 - 0). What are the prime factors of t/8*-4 - -3?
2
Let b(j) = 71*j**2 - 3*j + 3. Let h = 66 + -65. List the prime factors of b(h).
71
Suppose 25 + 39 = -8*x. What are the prime factors of (-268)/(x/2) - -1?
2, 17
Let h(v) = -v - 1. Let t(y) = -2*y**2 - 6*y - 6. Let b(k) = -6*h(k) + t(k). Let m be b(-4). Let o = -17 - m. List the prime factors of o.
3, 5
Suppose 4*h + 2 = n, -h - 2*h = 0. Let p be (-35*2)/(3 - n). Let o = -35 - p. List the prime factors of o.
5, 7
Suppose -2*v - 3*b - 3336 = -6*v, 3*v = -2*b + 2502. List the prime factors of v.
2, 3, 139
Suppose -264*w + 258*w + 1944 = 0. What are the prime factors of w?
2, 3
Let b be 150/(-5)*1/(-2). Let x = 29 - b. What are the prime factors of (x - 15)/(2/(-62))?
31
Suppose -4*x + 2 - 10 = 0. What are the prime factors of x/(-7) - 48*2/(-7)?
2, 7
Suppose 0 = -46*s + 29*s + 49283. List the prime factors of s.
13, 223
Suppose -c - 594 = -6*c + 4*i, -3*c = -3*i - 357. List the prime factors of c.
2, 59
Let f be (1 - 0)/(1/34). Let a = f + -18. What are the prime factors of a?
2
Let v = 15 - 4. Let t = 21 + v. Suppose 0 = 2*f + 2*f - t. List the prime factors of f.
2
List the prime factors of 751*((-65)/(-20) + (-1)/4).
3, 751
Suppose -676 - 1729 = 13*m. Let i = 292 + m. List the prime factors of i.
107
Suppose 5*q - 28475 = -225*p + 220*p, -p + 4*q + 5695 = 0. List the prime factors of p.
5, 17, 67
Suppose -3*w + 7511 = 2*z - 493, -2*z - w + 8012 = 0. List the prime factors of z.
2, 3, 167
Let k be (-2283)/(-21) - 2/(-7). Let c = k - 65. What are the prime factors of c?
2, 11
Suppose 22*w = 26*w + 4. What are the prime factors of 3 + (-284)/(-4) - w?
3, 5
Let i(t) = t**3 + t**2 - 8*t + 18. Let f(c) = 2*c**3 + c**2 - 16*c + 37. Let r(o) = 3*f(o) - 5*i(o). What are the prime factors of r(6)?
3, 13
Let y be 2/(-4)*(-4 - 4). Let h(d) = 4*d**2 - 5*d + 6. Let g be h(y). Suppose -g = -2*c + 18. What are the prime factors of c?
2, 17
What are the prime factors of 10805/10 - (-6)/(-4)?
13, 83
Suppose 2*r = -5*z + 76, z = -23*r + 20*r + 88. Let b(p) = 3*p**2 + p. Let k be b(-1). Suppose -r = l - k*l. List the prime factors of l.
2, 7
Let m be -2*(-444)/(-16)*-2. Suppose -822 = -9*v - m. List the prime factors of v.
79
Suppose 4*y = 673 + 415. Suppose 3*l + 161 = 4*g + 569, 2*l - 2*g = y. List the prime factors of l.
2, 17
Let j(l) = 8*l**2 + l + 3 - 2 + l**3 - 6 + 2*l**2. List the prime factors of j(-8).
5, 23
List the prime factors of 425 - (-9 - -10 - (-1 - 0)).
3, 47
Let y(o) be the second derivative of 1/2*o**3 + 0 - 1/2*o**2 - 7*o. List the prime factors of y(8).
23
Suppose -19*i = -14*i - 2*r - 6409, 0 = 5*i + 5*r - 6395. What are the prime factors of i?
3, 7, 61
Let a(n) = 2*n - 12. Let b(c) be the second derivative of c**5/20 + c**4/2 + c**3/2 + c**2/2 - 8*c. Let t be b(-5). What are the prime factors of a(t)?
2, 5
Suppose 1257 = l + 3*a, -3009 = -5*l + 4*a + 3371. What are the prime factors of l?
2, 3, 53
Let u be (-7 + 8)*2/1. Suppose -4*b - 3*t = b - 425, 98 = b - u*t. What are the prime factors of b?
2, 11
Suppose -4*v + 2928 = -4*i, -2927 = -4*v + 8*i - 3*i. What are the prime factors of v?
733
Let a = -1087 + 2083. What are the prime factors of a?
2, 3, 83
Suppose -2*w - 1119 = -3*j + 2*w, 4*w = -j + 357. What are the prime factors of j?
3, 41
Let s be (1/(-4))/((-6)/24). Let p be (-14)/(-2)*(s + 6). Suppose -4*r + 99 = -p. What are the prime factors of r?
37
Suppose 2*u + 10 = -2*z, -3*z - 3*u + 5*u = 35. Let p(j) = -j**3 - 10*j**2 - 11*j - 13. Let y be p(z). Let x = 2 + y. What are the prime factors of x?
7
Suppose 2428 = 26*g - 8258. What are the prime factors of g?
3, 137
Let b = -21 - -24. Suppose 15 + 96 = b*d. List the prime factors of d.
37
Let z = -34 + 34. Suppose u - 6*u + 710 = z. What are the prime factors of u?
2, 71
Let y(m) be the second derivative of 37*m**4/12 - m**3/6 - m. Suppose 3*c - 6 = 3*f, -c + 43 = -4*f + 38. What are the prime factors of y(f)?
2, 19
Let b = -1788 + 3386. List the prime factors of b.
2, 17, 47
Let g = -56 + 104. Suppose 0 = -3*v - 3*f + g, 3*v - f - 56 = -2*v. What are the prime factors of v?
2, 3
Let s(x) be the first derivative of -x**2/2 + 8*x + 1. Let p be s(7). Suppose 5*t = -2*k - 0*k + 33, t - p = 0. What are the prime factors of k?
2, 7
Suppose -2*q + 326 = -q - 3*t, 0 = -4*q + 5*t + 1339. What are the prime factors of q?
11, 31
Suppose -8*w = -46*w + 48336. What are the prime factors of w?
2, 3, 53
Suppose l = 2*f - 4, 4*l - 4*f - 12 = -3*f. Suppose l*u = 8*u - 80. What are the prime factors of u?
2, 5
Let p(i) = -2*i - 12. Let o be p(-7). Suppose o*s = 138 + 64. List the prime factors of s.
101
Suppose 0 = 4*k + 5 + 7, -114 = -2*t + 4*k. List the prime factors of t.
3, 17
Let r(v) = -190 - 3*v**2 + 188 - 2*v**2 + 2*v**3 - 14*v. What are the prime factors of r(6)?
2, 83
Suppose -4*x + 7 = -9. Suppose -m + 4*t + 18 = 0, -m - x*m + 5*t + 45 = 0. Suppose 3*i + m + 6 = s, -s = i - 24. List the prime factors of s.
3, 7
Let j be -1*(-2 + -3 - -1). Let u(l) = -2*l**3 - l**2 + 3*l. Let d(c) = 5*c**3 + c**2 - 7*c - 1. Let t(q) = -3*d(q) - 7*u(q). List the prime factors of t(j).
3
Let g = -33 - -37. List the prime factors of (g + 10)/((-6)/(-9)).
3, 7
Suppose 4*d - 3 = -3*o - 69, -2*o + 4*d = 44. Let i be ((-2)/(-1))/(5/100). Let f = i + o. What are the prime factors of f?
2, 3
Suppose 178*p - 171*p - 3451 = 0. What are the prime factors of p?
17, 29
Suppose -2*h + 3*h = 5*z - 770, -4*z - h + 607 = 0. Suppose 2*k + z = 5*l, -l = -0*l - 2*k - 29. List the prime factors of l.
31
Let c(l) be the first derivative of l**5/60 + l**4/8 + l**3/6 - l**2 - 7. Let u(t) be the second derivative of c(t). What are the prime factors of u(-5)?
11
List the prime factors of -6 - 3 - -6 - -559.
2, 139
List the prime factors of (-1 - -1) + 333/3.
3, 37
Suppose -o - 6 = -5*y - 0, -y - 3*o = 2. List the prime factors of (54/5)/(y/5).
2, 3
Let v(r) = r**3 - 4*r**2 - 3*r - 14. Let x = -31 - -37. List the prime factors of v(x).
2, 5
Suppose -41*r = -42*r + 4*g + 1821, 2*g + 1827 = r. What are the prime factors of r?
3, 13, 47
List the prime factors of (-17 + -871)/((-6)/4).
2, 37
Let j(m) = 8*m**2 - 4. Let b be 6/(-18) - 10/6. List the prime factors of j(b).
2, 7
Let b = -43 + 43. What are the prime factors of (-5 + (-2 - 171))/(-2 - b)?
89
Let s be (85/15)/(3 + (-68)/24). Let u = s + -32. What are the prime factors of u?
2
Suppose 3*f - 3100 = -2*f. Suppose -4*q = 6*q - f. What are the prime factors of q?
2, 31
Let m be (-6)/((15/5)/((-3)/2)). Let j(z) = -5*z**2 - 9*z - 3. Let q(r) = -6*r**2 - 10*r - 4. Let d(a) = 7*j(a) - 6*q(a). What are the prime factors of d(m)?
3
Let k be 10 - (2 - 4 - -5). Let w = k - -22. List the prime factors of w.
29
Let q be 6/(-4)*(-1378)/39. Suppose 51*m - q*m = -52. What are the prime factors of m?
2, 13
Suppose -37 = -c - 9. What are the prime factors of c?
2, 7
Suppose -4*c + 496 = -4*q - 212, 0 = -4*c + 5*q + 706. List the prime factors of c.
179
Suppose -8*o + 3*o + 3*h = -24400, 4*o - 4*h - 19520 = 0. What are the prime factors of o?
2, 5, 61
What are the prime factors of (-14629 + 262)/(-2 + (0 - 1))?
4789
Let p(f) = f**3 - f**2 - 1. Let t be p(2). Let g(m) = -3*m - 4. Let r be g(3). List the prime factors of (-1 + t + -3)*r.
13
Suppose 0 = 35*v - 28*v - 7826. List the prime factors of 